 17, 29, 137
What are the prime factors of 7532?
2, 7, 269
List the prime factors of 3300.
2, 3, 5, 11
What are the prime factors of 44?
2, 11
List the prime factors of 107928.
2, 3, 1499
List the prime factors of 752.
2, 47
What are the prime factors of 96311?
19, 37, 137
What are the prime factors of 15776?
2, 17, 29
What are the prime factors of 8691?
3, 2897
What are the prime factors of 890?
2, 5, 89
What are the prime factors of 480?
2, 3, 5
What are the prime factors of 4171?
43, 97
What are the prime factors of 10610?
2, 5, 1061
What are the prime factors of 2171?
13, 167
What are the prime factors of 263?
263
List the prime factors of 420.
2, 3, 5, 7
List the prime factors of 411.
3, 137
What are the prime factors of 12979?
12979
What are the prime factors of 1439?
1439
List the prime factors of 1206.
2, 3, 67
What are the prime factors of 23367?
3, 7789
What are the prime factors of 1181?
1181
List the prime factors of 52921.
11, 17, 283
What are the prime factors of 4516?
2, 1129
What are the prime factors of 1625?
5, 13
What are the prime factors of 91582?
2, 29, 1579
List the prime factors of 2367.
3, 263
List the prime factors of 149206.
2, 61, 1223
List the prime factors of 2593.
2593
What are the prime factors of 846?
2, 3, 47
What are the prime factors of 12632?
2, 1579
List the prime factors of 32783.
32783
What are the prime factors of 2782?
2, 13, 107
What are the prime factors of 9502?
2, 4751
What are the prime factors of 1540?
2, 5, 7, 11
List the prime factors of 27134.
2, 13567
List the prime factors of 11856.
2, 3, 13, 19
What are the prime factors of 19029?
3, 6343
What are the prime factors of 6534?
2, 3, 11
What are the prime factors of 43812?
2, 3, 1217
List the prime factors of 17126.
2, 8563
What are the prime factors of 32499?
3, 23, 157
What are the prime factors of 54039?
3, 18013
What are the prime factors of 800?
2, 5
List the prime factors of 8131.
47, 173
What are the prime factors of 32018?
2, 7, 2287
List the prime factors of 113874.
2, 3, 18979
List the prime factors of 1544.
2, 193
List the prime factors of 7874.
2, 31, 127
What are the prime factors of 31635?
3, 5, 19, 37
What are the prime factors of 2747?
41, 67
What are the prime factors of 1404?
2, 3, 13
What are the prime factors of 15761?
15761
List the prime factors of 34542.
2, 3, 19, 101
List the prime factors of 8685.
3, 5, 193
What are the prime factors of 21099?
3, 13, 541
List the prime factors of 954.
2, 3, 53
What are the prime factors of 7069?
7069
List the prime factors of 24668.
2, 7, 881
What are the prime factors of 929?
929
List the prime factors of 448.
2, 7
What are the prime factors of 7255?
5, 1451
What are the prime factors of 545?
5, 109
List the prime factors of 8902.
2, 4451
What are the prime factors of 18399?
3, 6133
List the prime factors of 103975.
5, 4159
What are the prime factors of 884?
2, 13, 17
List the prime factors of 982.
2, 491
List the prime factors of 6459.
3, 2153
List the prime factors of 1865.
5, 373
List the prime factors of 6074.
2, 3037
What are the prime factors of 2802?
2, 3, 467
List the prime factors of 12055.
5, 2411
What are the prime factors of 138592?
2, 61, 71
What are the prime factors of 15275?
5, 13, 47
What are the prime factors of 37518?
2, 3, 13, 37
What are the prime factors of 907?
907
What are the prime factors of 33500?
2, 5, 67
What are the prime factors of 140?
2, 5, 7
What are the prime factors of 12056?
2, 11, 137
What are the prime factors of 6446?
2, 11, 293
What are the prime factors of 27495?
3, 5, 13, 47
List the prime factors of 30726.
2, 3, 569
List the prime factors of 794.
2, 397
List the prime factors of 1417.
13, 109
List the prime factors of 2179.
2179
What are the prime factors of 22755?
3, 5, 37, 41
List the prime factors of 28368.
2, 3, 197
List the prime factors of 636.
2, 3, 53
What are the prime factors of 861?
3, 7, 41
List the prime factors of 34395.
3, 5, 2293
What are the prime factors of 8659?
7, 1237
List the prime factors of 11941.
11941
List the prime factors of 3922.
2, 37, 53
What are the prime factors of 3481?
59
What are the prime factors of 1317?
3, 439
List the prime factors of 13979.
7, 1997
List the prime factors of 883.
883
What are the prime factors of 498?
2, 3, 83
List the prime factors of 185307.
3, 19, 3251
List the prime factors of 31724.
2, 7, 11, 103
What are the prime factors of 338?
2, 13
List the prime factors of 14089.
73, 193
What are the prime factors of 94754?
2, 11, 59, 73
List the prime factors of 4811.
17, 283
List the prime factors of 2855.
5, 571
What are the prime factors of 2206?
2, 1103
What are the prime factors of 20607?
3, 6869
List the prime factors of 13586.
2, 6793
List the prime factors of 19924.
2, 17, 293
What are the prime factors of 1061?
1061
List the prime factors of 14005.
5, 2801
What are the prime factors of 44483?
44483
List the prime factors of 98933.
19, 41, 127
List the prime factors of 2347.
2347
What are the prime factors of 3382?
2, 19, 89
List the prime factors of 1537.
29, 53
List the prime factors of 153232.
2, 61, 157
What are the prime factors of 9158?
2, 19, 241
List the prime factors of 506.
2, 11, 23
What are the prime factors of 1870?
2, 5, 11, 17
List the prime factors of 2340.
2, 3, 5, 13
What are the prime factors of 2129?
2129
List the prime factors of 1338.
2, 3, 223
List the prime factors of 51185.
5, 29, 353
What are the prime factors of 116650?
2, 5, 2333
List the prime factors of 4940.
2, 5, 13, 19
What are the prime factors of 233?
233
List the prime factors of 83481.
3, 27827
List the prime factors of 415.
5, 83
What are the prime factors of 10605?
3, 5, 7, 101
List the prime factors of 8969.
8969
List the prime factors of 42499.
42499
What are the prime factors of 984?
2, 3, 41
What are the prime factors of 4808?
2, 601
List the prime factors of 81570.
2, 3, 5, 2719
List the prime factors of 184.
2, 23
List the prime factors of 58601.
58601
List the prime factors of 156.
2, 3, 13
What are the prime factors of 8688?
2, 3, 181
List the prime factors of 38864.
2, 7, 347
List the prime factors of 3199.
7, 457
What are the prime factors of 46553?
13, 3581
List the prime factors of 18635.
5, 3727
What are the prime factors of 49198?
2, 17, 1447
List the prime factors of 481.
13, 37
List the prime factors of 13126.
2, 6563
What are the prime factors of 49180?
2, 5, 2459
What are the prime factors of 1003?
17, 59
What are the prime factors of 1504?
2, 47
What are the prime factors of 53141?
11, 4831
What are the prime factors of 112871?
11, 31, 331
What are the prime factors of 1210?
2, 5, 11
What are the prime factors of 70100?
2, 5, 701
What are the prime factors of 935?
5, 11, 17
List the prime factors of 165.
3, 5, 11
What are the prime factors of 52384?
2, 1637
What are the prime factors of 180053?
180053
What are the prime factors of 4393?
23, 191
What are the prime factors of 833?
7, 17
List the prime factors of 15167.
29, 523
What are the prime factors of 4654?
2, 13, 179
List the prime factors of 7016.
2, 877
What are the prime factors of 19717?
19717
List the prime factors of 8854.
2, 19, 233
List the prime factors of 8249.
73, 113
List the prime factors of 1991.
11, 181
What are the prime factors of 38844?
2, 3, 13, 83
List the prime factors of 505.
5, 101
What are the prime factors of 127823?
17, 73, 103
List the prime factors of 1087.
1087
What are the prime factors of 587?
587
List the prime factors of 33912.
2, 3, 157
What are the prime factors of 4453?
61, 73
What are the prime factors of 8129?
11, 739
List the prime factors of 33.
3, 11
List the prime factors of 39679.
39679
What are the prime factors of 609?
3, 7, 29
List the prime factors of 122.
2, 61
List the prime factors of 3197.
23, 139
List the prime factors of 3104.
2, 97
List the prime factors of 4407.
3, 13, 113
List the prime factors of 19801.
19801
List the prime factors of 5967.
3, 13, 17
List the prime factors of 3383.
17, 199
What are the prime factors of 209?
11, 19
What are the prime factors of 7204?
2, 1801
List the prime factors of 5350.
2, 5, 107
List the prime factors of 1104.
2, 3, 23
What are the prime factors of 3851?
3851
What are the prime factors of 141?
3, 47
What are the prime factors